eatest common factor of 387686 and 37?
37
What is the highest common factor of 40 and 148220?
20
Calculate the highest common factor of 1840 and 2160.
80
What is the highest common factor of 621 and 54459?
27
What is the highest common factor of 144 and 54036?
36
What is the greatest common factor of 1385 and 29639?
277
Calculate the greatest common divisor of 24 and 2571704.
8
What is the highest common divisor of 11615 and 20?
5
What is the highest common factor of 17669 and 1?
1
Calculate the highest common factor of 5030 and 109654.
1006
What is the greatest common divisor of 2060 and 3900?
20
What is the highest common factor of 10 and 844?
2
Calculate the highest common divisor of 576088 and 428.
428
What is the highest common divisor of 41226 and 87?
3
Calculate the highest common factor of 6624990 and 180.
90
What is the highest common factor of 18 and 1107522?
18
What is the highest common factor of 31915 and 845?
65
What is the highest common divisor of 11041 and 1647?
61
What is the highest common divisor of 83897 and 2552?
319
Calculate the greatest common divisor of 192 and 25408.
64
What is the greatest common factor of 22 and 9713?
11
Calculate the greatest common divisor of 190400 and 960.
320
Calculate the greatest common factor of 403 and 87347.
13
Calculate the highest common divisor of 6 and 202.
2
Calculate the greatest common divisor of 3456 and 46944.
288
What is the highest common divisor of 33500 and 320?
20
Calculate the highest common divisor of 76 and 9356.
4
What is the greatest common factor of 441 and 58261?
49
What is the greatest common factor of 165 and 1979945?
55
What is the greatest common factor of 112623 and 692?
173
What is the greatest common divisor of 2943 and 32046?
327
What is the greatest common factor of 1399808 and 5120?
1024
Calculate the greatest common factor of 345331 and 7.
7
What is the highest common factor of 2 and 37337?
1
Calculate the highest common divisor of 986 and 638.
58
What is the highest common factor of 818200 and 150?
50
What is the highest common factor of 219 and 25039?
73
Calculate the greatest common divisor of 41137 and 496.
31
Calculate the greatest common factor of 76726 and 11492.
338
Calculate the highest common factor of 35 and 103075.
35
Calculate the highest common factor of 1200 and 158500.
100
Calculate the greatest common factor of 448152 and 2130.
426
What is the highest common factor of 690 and 1620?
30
What is the highest common divisor of 450 and 66240?
90
Calculate the greatest common divisor of 36 and 164286.
18
What is the highest common factor of 25 and 957925?
25
Calculate the highest common divisor of 12144 and 34716.
132
Calculate the greatest common factor of 24 and 85264.
8
Calculate the highest common divisor of 316939 and 133.
133
Calculate the highest common factor of 3150 and 261870.
210
Calculate the highest common factor of 1377 and 3417.
51
Calculate the greatest common factor of 135 and 1215.
135
Calculate the highest common factor of 26 and 218777.
13
Calculate the greatest common divisor of 3616833 and 99.
33
What is the highest common factor of 13 and 1204879?
13
Calculate the greatest common factor of 282 and 2350.
94
What is the highest common factor of 41073 and 81?
3
What is the highest common factor of 7075 and 35?
5
Calculate the greatest common divisor of 4763 and 5629.
433
Calculate the greatest common factor of 24 and 2666472.
24
What is the greatest common divisor of 504135 and 15300?
765
Calculate the highest common divisor of 316 and 154366.
158
What is the greatest common divisor of 1 and 25170?
1
Calculate the greatest common divisor of 7864 and 832.
8
Calculate the greatest common divisor of 17738 and 56.
14
Calculate the greatest common factor of 91044 and 972.
324
Calculate the greatest common divisor of 805200 and 8723.
671
What is the greatest common factor of 3461880 and 204?
204
Calculate the greatest common divisor of 4350 and 101850.
150
Calculate the highest common divisor of 111 and 42321.
3
What is the greatest common factor of 221 and 484055?
13
What is the highest common divisor of 9750 and 51480?
390
What is the highest common divisor of 6460 and 15130?
170
What is the highest common factor of 22240 and 192376?
1112
What is the greatest common factor of 6789 and 175584?
93
Calculate the highest common divisor of 20 and 72740.
20
What is the highest common factor of 670 and 54080?
10
What is the greatest common divisor of 1183 and 2977?
13
What is the greatest common divisor of 2681066 and 521?
521
Calculate the greatest common divisor of 1232 and 229537.
77
What is the highest common factor of 1344 and 48832?
448
Calculate the highest common divisor of 434 and 70.
14
What is the highest common divisor of 1112144 and 890?
178
Calculate the highest common divisor of 2619 and 62953.
97
What is the highest common factor of 402 and 23986?
134
What is the greatest common factor of 2929 and 808?
101
What is the greatest common factor of 555 and 2655?
15
Calculate the highest common divisor of 21686 and 42.
14
Calculate the highest common divisor of 182871 and 156.
39
What is the highest common factor of 57 and 917016?
57
What is the greatest common factor of 159247 and 341?
341
Calculate the greatest common divisor of 64 and 114112.
64
What is the greatest common factor of 124 and 31?
31
Calculate the greatest common factor of 1395094 and 114.
38
What is the greatest common divisor of 384 and 1176?
24
What is the greatest common divisor of 16902 and 378?
54
What is the greatest common divisor of 273 and 108199?
91
What is the greatest common divisor of 1245 and 1238360?
415
Calculate the greatest common factor of 1520 and 26315.
95
What is the greatest common divisor of 3540 and 6060?
60
What is the greatest common factor of 102 and 1721913?
51
Calculate the highest common divisor of 93138 and 1806.
258
What is the highest common divisor of 5627 and 3349?
17
Calculate the greatest common factor of 5 and 1193.
1
What is the greatest common factor of 635 and 92329?
127
Calculate the greatest common factor of 4024 and 424.
8
What is the greatest common divisor of 19113 and 50?
1
What is the highest common divisor of 29570 and 40?
10
Calculate the highest common divisor of 26875 and 5590.
215
Calculate the highest common factor of 730 and 19340.
10
What is the greatest common divisor of 3616308 and 34?
34
Calculate the greatest common factor of 996 and 4686.
6
Calculate the highest common factor of 2252196 and 108.
36
What is the highest common divisor of 84 and 211316?
28
Calculate the greatest common divisor of 69174 and 5184.
162
Calculate the highest common factor of 85 and 493595.
85
What is the greatest common factor of 22 and 3939958?
22
Calculate the highest common factor of 10236 and 168.
12
Calculate the greatest common divisor of 1095 and 66065.
365
Calculate the highest common divisor of 2728 and 3286.
62
Calculate the greatest common divisor of 1448 and 1184.
8
What is the highest common divisor of 1245 and 51195?
15
Calculate the highest common factor of 252 and 370272.
84
What is the highest common divisor of 1575 and 3801?
21
Calculate the greatest common factor of 760474 and 66.
22
What is the greatest common factor of 264 and 134376?
264
Calculate the highest common factor of 12 and 9036.
12
What is the greatest common factor of 1082786 and 94?
94
Calculate the highest common divisor of 5230468 and 590.
118
What is the highest common factor of 9732 and 564?
12
Calculate the greatest common divisor of 41840 and 2896.
16
Calculate the highest common divisor of 138 and 57891.
69
Calculate the highest common divisor of 40029 and 33.
33
Calculate the highest common factor of 727192 and 68.
68
Calculate the greatest common divisor of 648 and 25992.
72
Calculate the greatest common divisor of 58935 and 30.
15
Calculate the highest common divisor of 99807 and 19.
19
What is the greatest common factor of 19636 and 8?
4
What is the highest common factor of 1806 and 39474?
258
Calculate the highest common divisor of 38645 and 6943.
131
Calculate the greatest common divisor of 2698 and 912.
38
Calculate the highest common divisor of 9815 and 65.
65
Calculate the greatest common factor of 2912 and 14000.
112
C